9127043 a composite number?
False
Is 3608671 a composite number?
True
Is 24561545 a prime number?
False
Is 3340217 prime?
True
Is 9688031 prime?
True
Is 8034889 composite?
True
Is 23227 prime?
True
Is 2805239 composite?
True
Is 2516593 a prime number?
False
Is 220252061 composite?
False
Is 311551 a prime number?
True
Is 99607679 prime?
False
Is 12364577 a prime number?
False
Is 2866391 a composite number?
True
Is 281672267 a prime number?
True
Is 8036653 a prime number?
False
Is 243251347 prime?
False
Is 12735977 composite?
True
Is 409039 composite?
True
Is 209555887 prime?
True
Is 566047 prime?
True
Is 20659813 a composite number?
False
Is 5165647 composite?
False
Is 2805619 a prime number?
True
Is 1398149 composite?
True
Is 4353229 a composite number?
True
Is 58508071 a prime number?
True
Is 301982671 prime?
False
Is 155063 a prime number?
False
Is 2787571 composite?
False
Is 194398181 composite?
False
Is 13036273 prime?
False
Is 94768255 a composite number?
True
Is 27578939 composite?
True
Is 403889 prime?
True
Is 26130473 composite?
True
Is 94699862 a composite number?
True
Is 10428503 prime?
True
Is 733657 a prime number?
False
Is 6388969 a composite number?
True
Is 3304703 composite?
True
Is 7248491 prime?
False
Is 4256051 prime?
True
Is 7020295 prime?
False
Is 1728889 prime?
True
Is 778891 composite?
True
Is 60040507 composite?
False
Is 213637 a composite number?
False
Is 625343 a prime number?
True
Is 6343097 prime?
True
Is 2990707 prime?
True
Is 4973641 a composite number?
True
Is 5787919 a prime number?
True
Is 27468977 a composite number?
True
Is 4635649 a prime number?
True
Is 5856167 a composite number?
False
Is 86080441 prime?
True
Is 233368777 a composite number?
True
Is 9989851 composite?
True
Is 631121 composite?
False
Is 1304627 prime?
True
Is 18962017 a prime number?
True
Is 15450077 a prime number?
True
Is 164913999 composite?
True
Is 155651 a prime number?
False
Is 18238631 a prime number?
True
Is 23015281 prime?
False
Is 9360733 prime?
True
Is 1611829 a composite number?
True
Is 6077111 prime?
False
Is 54139495 a prime number?
False
Is 5390635 composite?
True
Is 3815041 prime?
True
Is 103821937 a prime number?
False
Is 170906113 a composite number?
True
Is 5351671 composite?
True
Is 111434174 a composite number?
True
Is 78976793 prime?
False
Is 79600121 composite?
True
Is 2435597 composite?
False
Is 419873 prime?
True
Is 20549591 prime?
True
Is 43844453 prime?
False
Is 296417 composite?
True
Is 174369553 prime?
False
Is 115408817 composite?
False
Is 315700417 a composite number?
True
Is 16254923 a composite number?
False
Is 15965897 prime?
True
Is 133413767 composite?
False
Is 10359187 composite?
False
Is 850871 a composite number?
True
Is 6523147 a composite number?
True
Is 2153072459 prime?
True
Is 4795447 a prime number?
False
Is 159089 a prime number?
False
Is 125856217 a composite number?
True
Is 34630573 a prime number?
True
Is 32151881 a prime number?
True
Is 4751239 a prime number?
False
Is 85049633 a composite number?
False
Is 3978269 a prime number?
True
Is 1389833 prime?
True
Is 1759613 a composite number?
True
Is 270197 composite?
True
Is 659025217 a prime number?
True
Is 25411093 prime?
False
Is 411193 a prime number?
True
Is 213015457 a composite number?
True
Is 8510797 a composite number?
False
Is 724173 prime?
False
Is 42602191 prime?
True
Is 3141763 a prime number?
True
Is 67829 prime?
True
Is 3715147 composite?
True
Is 11901073 composite?
False
Is 31727779 a composite number?
False
Is 27505523 prime?
True
Is 1958137 a prime number?
True
Is 31831001 a composite number?
True
Is 34152537 a composite number?
True
Is 16157369 composite?
True
Is 8987663 prime?
False
Is 174254959 composite?
False
Is 9307973 prime?
True
Is 1894039 a prime number?
False
Is 4075817 a composite number?
False
Is 14410729 a prime number?
True
Is 1895537 a composite number?
True
Is 90888781 a prime number?
True
Is 6438697 a prime number?
True
Is 47310173 a prime number?
False
Is 147820495 composite?
True
Is 13571557 a composite number?
True
Is 147962323 prime?
True
Is 6399241 a prime number?
False
Is 5559913 prime?
False
Is 64684411 a composite number?
True
Is 7075438 prime?
False
Is 72622547 prime?
True
Is 18513289 a composite number?
True
Is 68863 a composite number?
False
Is 8142913 composite?
True
Is 20800277 prime?
True
Is 2809237 prime?
False
Is 294859 a composite number?
False
Is 303679 a composite number?
False
Is 54823177 composite?
False
Is 2066720261 a prime number?
True
Is 169977 prime?
False
Is 2266549 a prime number?
True
Is 79713419 a prime number?
True
Is 55317055 composite?
True
Is 194063119 prime?
True
Is 52906609 a prime number?
False
Is 68141237 a composite number?
True
Is 11078681 a composite number?
True
Is 16184483 a composite number?
True
Is 17206619 prime?
True
Is 23549381 composite?
True
Is 16527757 prime?
False
Is 351455851 a composite number?
True
Is 23683639 composite?
True
Is 1660853 a prime number?
False
Is 163699517 prime?
False
Is 19139203 a prime number?
True
Is 38859113 a prime number?
True
Is 6157469 prime?
True
Is 32772089 composite?
True
Is 217109171 prime?
True
Is 10565969 prime?
True
Is 434381 a prime number?
False
Is 53492443 a prime number?
False
Is 167399983 a prime number?
False
Is 254081809 composite?
True
Is 61046605 composite?
True
Is 106121371 a composite number?
False
Is 35720051 prime?
True
Is 1273577 a composite number?
True
Is 19854389 a prime number?
True
Is 4778399 prime?
True
Is 10242971 a composite number?
True
Is 42651641 a prime number?
True
Is 148738997 composite?
True
Is 36202531 a prime number?
True
Is 328556717 a composite number?
False
Is 185237987 a prime number?
False
Is 174508219 prime?
True
Is 5651571 a prime number?
False
Is 25724683 a prime number?
True
Is 25431559 prime?
False
Is 1014029 a composite number?
False
Is 155620769 a composite number?
False
Is 104987941 prime?
False
Is 275909 a composite number?
True
Is 67307767 composite?
True
Is 260677609 prime?
False
Is 126768113 a composite number?
False
Is 3916079 a composite number?
False
Is 75909367 a prime number?
False
Is 23219803 a composite number?
False
Is 5435857 composite?
True
Is 3463417 a composite number?
True
Is 105749831 a prime number?
False
Is 2430409 composite?
True
Is 160220257 a prime number?
False
Is 1923683 composite?
False
Is 638549 composite?
True
Is 5726359 composite?
False
Is 7701491 composite?
True
Is 149947907 prime?
False
Is 12604237 prime?
False
Is 18197911 a composite number?
False
Is 1860827 a prime number?
False
Is 4255387 composite?
False
Is 2140427 prime?
False
Is 91645 a prime number?
False
Is 3274589 prime?
True
Is 2277941 a prime number?
True
Is 4636829 a prime number?
True
Is 18413281 prime?
True
Is 19332917 a composite number?
True
Is 1908299 composite?
False
Is 539197 a composite number?
True
Is 499596073 a prime number?
False
Is 110605795 a prime number?
False
Is 6022969 prime?
True
Is 24723469 a composite number?
True
Is 511987 a prime number?
False
Is 66206327 a composite number?
True
Is 68179645 prime?
False
Is 349389265 prime?
False
Is 2069521 composite?
True
Is 3192491 a prime number?
True
Is 1218215 a prime number?
False
Is 94492819 a composite number?
False
Is 1630543 composite?
False
Is 167837041 a prime number?
False
Is 7268411 a composite number?
False
Is 17831813 a composite number?
False
Is 1472179 a composite number?
True
Is 633629093 composite?
True
Is 34200377 composite?
False
Is 6213719 composite?
False
Is 503437 a composite number?
True
Is 3163879 prime?
True
Is 30161099 a composite number?
False
Is 10050679 a composite number?
False
Is 17950477 prime?
False
Is 67849349 a composite number?
False
Is 22856077 a composite number?
False
Is 11394749 a composite number?
False
Is 8410943 composite?
False
Is 121783421 prime?
False
Is 2864843 a prime number?
True
Is 126391513 prime?
False
Is 7396031 a prime number?
False
Is 483562 a composite number?
True
Is 727507 composite?
True
Is 10584517 composite?
False
Is 22052279 a composite number?
True
Is 49192007 prime?
False
Is 2960651 a composite number?
True
Is 774757 composite?
False
Is 3124007 a prime number?
False
Is 622591363 prime?
True
Is 243161561 prime?
True
Is 28603711 prime?
True
Is 9114733 a prime number?
